nder when 2071 is divided by 654?
109
Calculate the remainder when 1065 is divided by 439.
187
What is the remainder when 42819 is divided by 701?
58
What is the remainder when 10564 is divided by 43?
29
Calculate the remainder when 4014 is divided by 9.
0
Calculate the remainder when 12358 is divided by 386.
6
What is the remainder when 1758651 is divided by 931?
923
Calculate the remainder when 851048 is divided by 50.
48
What is the remainder when 35178 is divided by 98?
94
What is the remainder when 10946 is divided by 274?
260
What is the remainder when 78867 is divided by 696?
219
Calculate the remainder when 341 is divided by 189.
152
Calculate the remainder when 20779 is divided by 416.
395
Calculate the remainder when 18743 is divided by 1420.
283
What is the remainder when 22998 is divided by 62?
58
What is the remainder when 56761 is divided by 18918?
7
Calculate the remainder when 68492 is divided by 353.
10
What is the remainder when 10629 is divided by 394?
385
What is the remainder when 916 is divided by 254?
154
Calculate the remainder when 2122 is divided by 17.
14
Calculate the remainder when 5049 is divided by 109.
35
What is the remainder when 284238 is divided by 257?
253
Calculate the remainder when 1298573 is divided by 127.
125
Calculate the remainder when 2796073 is divided by 129.
127
What is the remainder when 36941 is divided by 4102?
23
What is the remainder when 1339 is divided by 50?
39
Calculate the remainder when 2352 is divided by 1341.
1011
Calculate the remainder when 1268 is divided by 49.
43
Calculate the remainder when 42808 is divided by 56.
24
Calculate the remainder when 78610 is divided by 1512.
1498
Calculate the remainder when 84575 is divided by 16892.
115
What is the remainder when 3533 is divided by 35?
33
Calculate the remainder when 698 is divided by 427.
271
What is the remainder when 143479 is divided by 284?
59
Calculate the remainder when 66744 is divided by 35.
34
What is the remainder when 899607 is divided by 139?
138
Calculate the remainder when 737 is divided by 163.
85
Calculate the remainder when 569034 is divided by 365.
364
Calculate the remainder when 382344 is divided by 15931.
0
What is the remainder when 157892 is divided by 285?
2
Calculate the remainder when 4927 is divided by 288.
31
What is the remainder when 31307 is divided by 576?
203
Calculate the remainder when 145230 is divided by 24204.
6
Calculate the remainder when 8030 is divided by 29.
26
Calculate the remainder when 716269 is divided by 26.
21
Calculate the remainder when 9474 is divided by 92.
90
What is the remainder when 2069 is divided by 683?
20
Calculate the remainder when 202 is divided by 108.
94
What is the remainder when 281459 is divided by 233?
228
Calculate the remainder when 13228 is divided by 119.
19
What is the remainder when 15279 is divided by 31?
27
What is the remainder when 9572 is divided by 49?
17
Calculate the remainder when 5647 is divided by 1124.
27
What is the remainder when 425 is divided by 24?
17
Calculate the remainder when 11056 is divided by 16.
0
Calculate the remainder when 10126 is divided by 411.
262
What is the remainder when 798 is divided by 353?
92
Calculate the remainder when 85750 is divided by 24.
22
Calculate the remainder when 1148 is divided by 119.
77
What is the remainder when 17284 is divided by 17279?
5
Calculate the remainder when 2264 is divided by 42.
38
Calculate the remainder when 3288 is divided by 14.
12
What is the remainder when 1072555 is divided by 119?
8
Calculate the remainder when 7790 is divided by 49.
48
What is the remainder when 1300 is divided by 756?
544
Calculate the remainder when 7645 is divided by 178.
169
What is the remainder when 17329 is divided by 107?
102
Calculate the remainder when 50832 is divided by 19.
7
Calculate the remainder when 14160 is divided by 7072.
16
What is the remainder when 16045 is divided by 80?
45
Calculate the remainder when 1021 is divided by 399.
223
What is the remainder when 5935 is divided by 738?
31
Calculate the remainder when 204279 is divided by 43.
29
Calculate the remainder when 6251 is divided by 216.
203
What is the remainder when 35416 is divided by 335?
241
Calculate the remainder when 10687 is divided by 3524.
115
What is the remainder when 189170 is divided by 13?
7
What is the remainder when 54929 is divided by 45?
29
Calculate the remainder when 24641 is divided by 560.
1
Calculate the remainder when 4050 is divided by 876.
546
What is the remainder when 30866 is divided by 3068?
186
Calculate the remainder when 1089 is divided by 440.
209
Calculate the remainder when 3682 is divided by 283.
3
Calculate the remainder when 29030 is divided by 9675.
5
What is the remainder when 189476 is divided by 216?
44
Calculate the remainder when 209573 is divided by 134.
131
What is the remainder when 9328 is divided by 7?
4
What is the remainder when 4140 is divided by 98?
24
Calculate the remainder when 273382 is divided by 1510.
72
Calculate the remainder when 54271 is divided by 54266.
5
Calculate the remainder when 5923 is divided by 4415.
1508
Calculate the remainder when 24745 is divided by 62.
7
What is the remainder when 7418 is divided by 21?
5
What is the remainder when 16699 is divided by 2228?
1103
What is the remainder when 2400176 is divided by 17?
14
Calculate the remainder when 2599 is divided by 31.
26
Calculate the remainder when 4184 is divided by 2091.
2
What is the remainder when 7442 is divided by 1234?
38
Calculate the remainder when 229589 is divided by 977.
971
Calculate the remainder when 2447 is divided by 203.
11
What is the remainder when 8120 is divided by 228?
140
Calculate the remainder when 32864 is divided by 154.
62
Calculate the remainder when 289347 is divided by 144667.
13
What is the remainder when 688693 is divided by 49?
47
Calculate the remainder when 3661 is divided by 2199.
1462
Calculate the remainder when 7588 is divided by 274.
190
Calculate the remainder when 6439 is divided by 309.
259
What is the remainder when 2131 is divided by 1495?
636
Calculate the remainder when 597860 is divided by 43.
31
Calculate the remainder when 24269 is divided by 17.
10
What is the remainder when 61830 is divided by 131?
129
Calculate the remainder when 14013 is divided by 931.
48
What is the remainder when 32736 is divided by 143?
132
What is the remainder when 2076 is divided by 516?
12
Calculate the remainder when 1733104 is divided by 52.
48
Calculate the remainder when 420171 is divided by 200.
171
What is the remainder when 1339 is divided by 439?
22
What is the remainder when 2253 is divided by 26?
17
Calculate the remainder when 2966 is divided by 601.
562
What is the remainder when 44174 is divided by 961?
929
Calculate the remainder when 3184 is divided by 1558.
68
Calculate the remainder when 30012 is divided by 4973.
174
What is the remainder when 69674 is divided by 171?
77
What is the remainder when 4807 is divided by 294?
103
Calculate the remainder when 7923 is divided by 617.
519
Calculate the remainder when 4349 is divided by 1446.
11
What is the remainder when 5079 is divided by 215?
134
What is the remainder when 1004252 is divided by 31?
7
Calculate the remainder when 2460 is divided by 489.
15
What is the remainder when 277454 is divided by 265?
264
Calculate the remainder when 101386 is divided by 143.
142
What is the remainder when 265468 is divided by 17?
13
What is the remainder when 11141 is divided by 328?
317
Calculate the remainder when 6045 is divided by 1143.
330
Calculate the remainder when 5408237 is divided by 40.
37
Calculate the remainder when 6539 is divided by 109.
108
What is the remainder when 200191 is divided by 66725?
16
Calculate the remainder when 3187622 is divided by 15.
2
Calculate the remainder when 83858 is divided by 777.
719
What is the remainder when 2999 is divided by 602?
591
Calculate the remainder when 58436 is divided by 23.
16
Calculate the remainder when 23555 is divided by 126.
119
What is the remainder when 3096 is divided by 1545?
6
What is the remainder when 624192 is divided by 429?
426
Calculate the remainder when 2329299 is divided by 6.
3
Calculate the remainder when 322 is divided by 88.
58
What is